 - 50. Let r be l(-12). Let t be (-7 - -6) + r*1/2. What is the greatest common divisor of 4 and t?
4
Let l(d) be the second derivative of -d**4/12 + 35*d**3/6 + 407*d**2/2 + 14*d - 2. Let f be l(0). What is the greatest common factor of f and 33?
11
Let h be (1 - 11/3)*138/(-92). Suppose -3*m + 305 = 2*u + 60, -2*u + h*m = -280. Calculate the greatest common divisor of 5 and u.
5
Suppose 252 = 4*m - 10*b + 6*b, 4*b + 20 = 0. Suppose m = 4*a - 22. Calculate the greatest common factor of 380 and a.
20
Suppose -q + 2*q = 417. Suppose -4*w + 5*h = -1096, -1270 + q = -3*w - 4*h. Let t = 395 - w. Calculate the highest common factor of 174 and t.
58
Suppose -127*a + 659934 = -6*a. What is the greatest common divisor of 1111 and a?
101
Let k(r) = -r**2 + 5*r + 5. Let g be k(0). Suppose g*x + 2*i = 3*i + 4, 4*x = 4*i. Let j be x + -1 - (-252)/9. What is the greatest common factor of 7 and j?
7
Suppose 0 = 11*v - 36 + 3. Suppose v*f = -2*o - 3 + 4, 3*o = -2*f - 11. Let g be (o + 7)/(-4) + (1 - -11). Calculate the highest common divisor of 12 and g.
12
Suppose 3*a + i - 701 = 0, 2*a - 2*i = 60 + 394. What is the greatest common divisor of 1102 and a?
58
Suppose 0 = 2*w - 131 - 29. Let i = w + -69. Let v(t) = t**2 - 8*t + 32. Let u be v(i). Calculate the highest common divisor of u and 13.
13
Let s(g) = g**3 + 9118. Let q be s(0). Let v be q/8 + ((-35)/20 - -2). Calculate the highest common divisor of 20 and v.
20
Suppose 2*l = 4*m - 7352, -2*m - 36*l = -39*l - 3684. What is the highest common factor of m and 540?
108
Suppose 12*c = 16*c - 200. Suppose -2*g = 5*a - 1617, 1633 = 5*a + 8*g - 10*g. What is the highest common factor of a and c?
25
Let t(g) = 108*g - 10. Let i be t(-10). Let r be i/(-4) - 14*(-7)/(-196). Calculate the highest common divisor of r and 16.
16
Suppose 4*m + 1381 - 6661 = -12*m. What is the greatest common factor of m and 858?
66
Let q(h) = -h**3 - 36*h**2 - 114*h - 36. Let u be q(-33). What is the highest common divisor of 189 and u?
27
Suppose 1120*m + 11556 = 1227*m. Suppose 3*l + 2*a + 2926 = 917, -4*l + 5*a - 2694 = 0. Let q = 941 + l. Calculate the greatest common divisor of m and q.
54
Suppose 6*z = 1853 + 67. Let r = z - 301. What is the greatest common factor of 57 and r?
19
Let n(t) = -t**3 + t**2 + 11*t - 19. Let w be n(3). Let v = w - -22. What is the highest common factor of v and 198?
18
Let g = 472 - 567. Let l = 501 + g. What is the greatest common factor of 116 and l?
58
Suppose -u = 3*t + u - 58, -6 = -t - 4*u. Let p = 76 + t. Suppose 8*q = 13*q - 140. Calculate the highest common divisor of q and p.
14
Suppose -7*j - 161 = -1778. What is the greatest common divisor of j and 567?
21
Suppose -95 - 158 = -w. Let j be 5 - -23 - (13 - 1 - 7). Calculate the greatest common factor of j and w.
23
Suppose 5*i = 4*w + 5322, 31*i - 33*i = 5*w - 2142. Calculate the highest common divisor of i and 91.
13
Suppose -35*g = -42*g + 84. Suppose -h - g + 14 = 0. Calculate the greatest common factor of 9 and h.
1
Let u be 16*(-11 - ((3 - 5) + 3)). Let o = -178 - u. What is the greatest common factor of o and 1134?
14
Suppose 4*h - f = 2*f + 61, 4*h + 2*f = 86. Suppose -3*n = -4*p - 635, -h*n + 16*n = -p - 647. Calculate the highest common divisor of 93 and n.
31
Suppose 0 = 2*a + 3*t - 16, 2*t + 3*t = 4*a + 12. Suppose 10*i - a*i - 64 = 0. Calculate the greatest common factor of i and 40.
8
Let o = 208 - 193. Suppose 10*l - o*l = -3*z - 156, -5*z - 130 = -4*l. Let v(m) = -40*m. Let j be v(-3). What is the highest common divisor of j and l?
30
Let h = -67 + 144. Suppose -5*i + 8 = 4*v, i + 23 = v - 3*i. What is the greatest common factor of v and h?
7
Let v = 6633 + -5558. Calculate the highest common divisor of v and 25.
25
Let d be (-21 + 11 + -136)*-49. Calculate the greatest common factor of d and 28.
14
Let g = -49 - -53. Suppose -2*c + k + 4 = -1, 20 = -c - g*k. Suppose c = 5*z + 2*v - 332, v - 10 + 75 = z. What is the highest common factor of z and 6?
6
Let x(f) = -f**2 + 9*f + 2. Let q be x(9). Let k be q + -3 + 1 - (0 + 694). Let u be k/(-4) + 5/10. Calculate the greatest common divisor of u and 29.
29
Let x(q) = 0*q - 43 - 4*q + q - 4*q. Let s(k) = 10*k + 65. Let h(n) = 5*s(n) + 7*x(n). Let l be h(-12). What is the greatest common factor of l and 12?
12
Let v(r) = r**3 + 9*r**2 + 12*r - 1. Let l be v(-2). Let b be (31*1)/(l*13/429). What is the greatest common divisor of b and 11?
11
Let k(s) = s**2 + 70*s + 329. Let g be k(-69). Let m(d) = d**3 + 5*d**2 - 3*d + 5. Let o be m(-5). Calculate the greatest common factor of o and g.
20
Let u(h) = -6*h - 138. Let x be u(-31). What is the greatest common divisor of 2096 and x?
16
Let s be 4 + (90 - (-4 + 0)). Suppose -176 = -4*o + 2*k, 54 = 4*o - 3*k - 126. Calculate the highest common divisor of s and o.
14
Let g be (3 - 2) + (21 - 2). Let d = -572 - -575. Let r be (54/(-8) + (d - 0))*-4. Calculate the greatest common divisor of g and r.
5
Let g be 14/(4/10*1). Suppose -71*m = -2399 - 7541. What is the highest common factor of g and m?
35
Suppose -17*t + 50*t - 112304 = -10763. What is the greatest common factor of t and 181?
181
Let y(f) = -167*f + 907. Let g be y(-4). Calculate the highest common factor of 252 and g.
63
Suppose 2*r + 6 = 0, 5*p + 5*r - 439 = 1. Let u(q) = 8*q - 4. Let t be u(4). Calculate the highest common divisor of t and p.
7
Suppose 2*h - h = 139. Let v = h - 44. Let y = 115 + -77. What is the highest common divisor of y and v?
19
Let c(s) = 2*s**2 - 21. Let q be c(7). Suppose 0 = -q*x + 82*x - 435. What is the highest common factor of x and 3?
3
Suppose -2*d - 3 + 3 = 0. Suppose -8*p + 2*p + 174 = d. Calculate the highest common factor of 145 and p.
29
Let v be (-22)/4*(-13)/((-169)/(-26)). What is the highest common factor of v and 10406?
11
Suppose 0 = 119*i - 126*i + 10416. Suppose 36*p = 42*p - i. Calculate the greatest common factor of p and 62.
62
Let x = -1010 + 1740. Suppose 19*n - 1987 - x = 0. Calculate the highest common factor of 13 and n.
13
Suppose -669 = -30*m + 201. Suppose 4*c - 148 = -4*y, c = -4*y + 5*y + m. What is the highest common factor of c and 6?
3
Suppose -26*k + 31 = -63 - 218. Let x = 121 + 71. Calculate the highest common factor of x and k.
12
Suppose -5*b + t = -4*b - 2860, -4*t - 2854 = -b. Suppose -14*g + 4*f = -11*g - b, -3816 = -4*g + 4*f. Calculate the greatest common factor of g and 53.
53
Suppose 21*r - 12*r - 1305 = 0. Let s be ((-3)/6)/(r/50 + -3). Suppose -4*k + k = -105. Calculate the greatest common factor of s and k.
5
Let r be (-40)/(-14) + (-10)/(-70). Let q(g) = g**3 - 2*g**2 + 1. Let s be q(r). Let x be 18/4*(12 - s). Calculate the greatest common divisor of x and 117.
9
Suppose -166 = -a + 2*k, -a - 19*k + 23*k = -156. Let t = 49 + -97. Let i = t + 70. Calculate the highest common factor of i and a.
22
Suppose 2*y = -2*y + 504. Suppose -7*s = 2*s + s. Suppose -85 = -5*b + 3*c, -2*b + s*c + 8 = 4*c. Calculate the highest common divisor of b and y.
14
Suppose 98084 = 63*p - p. Calculate the greatest common divisor of 42 and p.
14
Let a = -2520 + 6654. Calculate the highest common divisor of a and 234.
78
Let u = -32446 + 34671. What is the greatest common divisor of 75 and u?
25
Let c(r) = 2*r**2 - 90*r + 310. Let q be c(0). What is the highest common factor of q and 100?
10
Suppose -q = -0*q - 60. Suppose g - 9 = -2*x, -4*x - 2 = -2*g - 0. Suppose 0 = -g*z - 5*b + 60, 2*b = 4*b + 6. What is the greatest common factor of q and z?
15
Let n = 1160 + -1146. What is the highest common divisor of 105 and n?
7
Suppose 0 = -3*z + 3*j + 18, 5*j - 2*j - 2 = -z. Let s be 52/4*z/((-20)/(-92)). Calculate the highest common divisor of s and 46.
23
Suppose 4*q - 440 = 104. Let l be 4/8 - (-9)/6. Suppose -2*a - l*a = -q. Calculate the highest common divisor of a and 85.
17
Let o = -13437 - -16894. What is the greatest common factor of o and 1?
1
Let j be ((-780)/117 + 5)*(-24)/5. Let o = -96 + 168. What is the highest common divisor of o and j?
8
Let t = -2 - 1. Let k(c) = -3 - 1884*c + 1880*c + 4 + 4*c**2 + 5. Let n be k(t). What is the highest common divisor of n and 90?
18
Let u(h) = 2*h**2 + 6*h - 77. Let p be u(5). Suppose -74 = -4*d + i, 3*d + p*i = 4*d - 13. What is the highest common factor of 722 and d?
19
Le